*r + 5. Let x be t(f). Suppose 0 = 5*s - x*w - 187 - 88, -3*s - 3*w + 153 = 0. Is s prime?
True
Let z be 2/6 + 22/6. Suppose -7*h + 131 = -2*h + z*q, 5*h + q - 119 = 0. Is h a prime number?
True
Let j be ((-1808)/20)/((-1)/5). Suppose -2*x - 2*x = -j. Is x composite?
False
Suppose a + 305 = -188. Is (-3)/18 - a/6 a prime number?
False
Is 4098/(-9)*21/(-14) prime?
True
Let m(b) = -b**2 - 8*b - 4. Let l be m(-7). Suppose -4*u = 3*d - 6*d + 365, -d + 125 = -l*u. Is d a composite number?
True
Let m = -211 - -416. Is m a prime number?
False
Let c be (-96)/((2 - 1)/(-1)). Suppose 0 = y + 3*y + c. Let m = y - -55. Is m a prime number?
True
Suppose 0 = -2*p - u - 0*u + 12, 3*p = -4*u + 23. Suppose -y + m + 4*m + 31 = 0, p*m = -2*y + 122. Is y prime?
False
Let u = 5 - -1. Let h be 2/u + (-548)/(-3). Suppose -h = -2*r - 29. Is r a composite number?
True
Let n = -11 + 14. Let i be (2/6)/(1/3). Is (-1 - -30) + (n - i) a composite number?
False
Let d(j) = j**3 - j**2 + j + 7. Let t be d(6). Suppose 5*v = -4*f - 22 + 205, -t = -4*f + 5*v. Is f composite?
False
Let p(h) = h + 6. Let u be p(0). Is (-50 + -1)*(-4)/u a composite number?
True
Let x(n) = 158*n**2 - 8*n - 7. Let t(m) = 158*m**2 - 7*m - 6. Let o(f) = 7*t(f) - 6*x(f). Is o(1) composite?
False
Let r(b) = 86*b**2 + 4*b - 1. Suppose 11 - 3 = -4*q. Is r(q) composite?
True
Let p be (-3 - -2)*3 + 480. Let t = 878 - p. Is t composite?
False
Let s(n) = -9*n**2 + 9. Let o(g) = 4*g**2 - 5. Let l(b) = -7*o(b) - 4*s(b). Let y = -1 + -1. Is l(y) prime?
True
Let m(r) = -723*r. Let g be m(-4). Suppose 0 = -5*c - g + 937. Is (-3)/4 - c/4 a prime number?
True
Let o = -158 - -238. Suppose 0 = 2*l + v - 2*v - o, 3*v = 5*l - 200. Let i = 99 - l. Is i prime?
True
Let j(p) = p**3 - 4*p**2 + 5*p - 2. Let h(o) = o**2 - 7*o + 3. Let u be h(7). Let l be j(u). Is (0 + -2)/(l/(-22)) a prime number?
True
Suppose 0 = -2*c + 4*c - 298. Is c/(-1 + 6/5) composite?
True
Let a(x) = 49*x**2 + x - 4. Let b = -14 + 16. Is a(b) a prime number?
False
Suppose 4 = n - 4. Let t(o) = o**2 - 3*o - 3. Is t(n) a composite number?
False
Suppose -5253 = -4*q - 3*v, -v + 3936 = 5*q - 2*q. Suppose -5*d = 0, -5*d - 378 = -3*j + q. Is j a composite number?
False
Suppose -3 = -2*u + 1, -2*u - 4 = -4*h. Let z(i) = 197*i + 3. Is z(h) composite?
False
Is (-3 + 155 - -2) + 3 a prime number?
True
Suppose d - 193 = -2*s, 65 = -3*s + d + 357. Let v = s - 140. Let i = -24 - v. Is i a prime number?
True
Suppose -3*d + 112 + 83 = 0. Is d prime?
False
Let n(s) = -9*s + 8. Suppose 6*j = 2*j - 24. Is n(j) a prime number?
False
Let f = 31 + -40. Suppose 3*s = 3*l - 2*s - 115, -s + 81 = 2*l. Let w = f + l. Is w prime?
True
Let b be 2/((-2)/(-1)) - -3. Let k(o) = -17*o**2 - 15*o + 9. Let p(d) = -8*d**2 - 7*d + 4. Let v(r) = 6*k(r) - 13*p(r). Is v(b) a composite number?
True
Is ((-59)/4)/((-1)/12) a prime number?
False
Is -3 - (-4 + -4 + -1704) composite?
False
Suppose 3*t - 6*t + 12 = 0. Is (18 - -1)/(t + -3) a prime number?
True
Let i = -421 + 624. Is i composite?
True
Suppose -4*s - 3846 = -5*q, -3*q + 2289 = -4*s - 17. Suppose -5*i + 2010 - 466 = 2*b, -b - 2*i = -q. Is (2/4)/(3/b) a prime number?
True
Suppose 4*y - 2881 = 5*v, 3*v = 3 - 6. Is y prime?
True
Suppose 6 = 5*r - 2*r. Suppose -r*q + 5*q - 36 = 0. Suppose -3*v = -33 - q. Is v a prime number?
False
Is (-764)/(-14) - (-6)/14 composite?
True
Suppose 0 = -0*w + w + 3*j - 196, w - 166 = 3*j. Is w composite?
False
Let p be (0*3/9)/(-2). Suppose p = c - 7. Is c prime?
True
Let j = 661 + -315. Is j a prime number?
False
Let f(u) be the third derivative of -u**6/4 + u**5/60 + 2*u**2. Is f(-1) prime?
True
Let b be -5*(-7)/((-70)/16). Is ((-14)/(-1))/(b/(-236)) composite?
True
Let y(v) = -4*v + 3. Is y(-8) prime?
False
Let g(q) = -1 + 1 + 22*q - 1. Suppose 4*x - 6 = -2. Is g(x) composite?
True
Suppose 5*i - 32 - 28 = 0. Let p = i + 7. Is p composite?
False
Suppose 0*i = -i + 4. Suppose -5*y = -i*a - 186 - 33, y = -a + 42. Is y composite?
False
Let u = -7 - -19. Suppose u*c - 11*c = 161. Is c a prime number?
False
Is ((-6)/9)/((-6)/6111) a prime number?
False
Suppose -3*i + 5 = 2*i, 4*b + 2*i - 342 = 0. Is b prime?
False
Is -363*((-40)/12 - -3) prime?
False
Let h = 7 - 4. Let y = 8 + -3. Suppose 153 = y*d - 0*d - h*g, 3*d - 103 = -g. Is d a prime number?
False
Let l(b) = -b - 19. Let d be l(-17). Is (-4)/(-6)*(-207)/d prime?
False
Let n be -3 + (8 - (-2 + 1)). Suppose n + 31 = t. Is t a composite number?
False
Let m(b) = -15*b + 16. Is m(-21) prime?
True
Suppose -3*o - o = 20. Let b(y) = 3*y - 1. Let q be b(o). Let n = -10 - q. Is n a composite number?
True
Suppose 1132 = 3*z - 239. Is z a prime number?
True
Let w(s) = -s**3 + 2*s**2 + 2. Let c be w(2). Let m = -4 - -5. Is m + 250/c - -1 a prime number?
True
Let k be (-2)/6 + 48/9. Let d(v) = -v**3 + 7*v**2 + 10*v - 11. Let f be d(8). Suppose 16 = -2*w - f*x, x - k*x - 8 = 4*w. Is w a prime number?
True
Suppose -2*i = -5*x - 23, 2*i - 19 = 4*x + i. Is (x - -2)/((-2)/38) composite?
True
Let j(c) = -c**3 + c**2 - c + 2. Let r be j(0). Suppose -4*t = -w + 2*w - 529, -281 = -r*t + 5*w. Is t prime?
False
Let o = -181 - -257. Let u = o + -53. Is u a composite number?
False
Suppose 2*i + 0*i = -t - 6, -4*t - 4 = 4*i. Suppose -2*s + 343 = -5*m + 1040, -2*m - t*s = -298. Is m a composite number?
True
Let a = 1514 + -933. Is a composite?
True
Let z = 45 - 32. Is z a prime number?
True
Let s(c) = -20*c - 7. Let k(n) = -19*n - 6. Let v(u) = -6*k(u) + 5*s(u). Let z be v(3). Let g = z - -36. Is g composite?
False
Let q(t) = 9*t - 1 - 5*t - 3 - 11. Is q(7) a prime number?
True
Let h be -3 - 4/2*-4. Let n(r) = r - 3. Let w be n(h). Is 1 + -3 + w - -211 a prime number?
True
Suppose -4*d - r + 1020 = -5*r, d = -r + 247. Is d a prime number?
True
Let i = 3 - 5. Let b be (-6)/(i/1) + 17. Suppose -4*k = -4*w + 521 + 463, -4*k = -b. Is w a prime number?
True
Suppose 2521 + 3231 = 8*p. Is p a composite number?
False
Suppose 0*d = -4*d + g - 7, -d - 2*g = -5. Is d/(1 - (-1596)/(-1594)) a composite number?
False
Suppose -5*n + 1985 = 5*o, -2*n = -0*n + 3*o - 797. Is n prime?
False
Is 614*(-4)/24*(-6)/2 a prime number?
True
Suppose 5*c = 3*s - 2*s + 2145, -3*c + 15 = 0. Is -3 - s/(4 + 0) a prime number?
False
Let o = -50 - -135. Suppose 4*d = 23 + o. Let l = d - -40. Is l a prime number?
True
Let s = -12 - -214. Is s a prime number?
False
Let a be 1*(2 - 9/(-3)). Let w = a + -5. Suppose w*q + 102 = 2*q. Is q a composite number?
True
Let f = 5 + -5. Suppose -o + 2 + 0 = f. Suppose -o*j + 7 = -j. Is j prime?
True
Let u = -160 - -575. Is u prime?
False
Let b be (-151)/(-3) - 6/(-9). Let x = b - -110. Is x a prime number?
False
Let q be 4/14 - (-65)/(-7). Let h(v) = 10*v - 2. Let a be h(3). Let l = a + q. Is l prime?
True
Let u be 2 - -17*(0 - -13). Suppose u = l + r, 0 = -3*l - r + 4*r + 645. Is l a composite number?
True
Suppose k + 5 = 0, -6*k = 5*c - 5*k - 410. Is c prime?
True
Suppose -2*o = 5*x + 5815, x - 4*o + o + 1180 = 0. Is x/(-15) - (-4)/(-6) prime?
False
Let l = 174 + -75. Suppose 0*q = 2*q - 12. Suppose -4*u = -5*d - q*u + l, 5*d = 4*u + 87. Is d prime?
True
Suppose 0 = -3*w + 2*r - 6*r + 254, w - r = 87. Suppose -3*x + w = c, 2*x + 358 = c + 3*c. Is c a prime number?
True
Let b(r) = 23*r**2 + r + 1. Let l(u) = -2*u**2 + u. Let i be l(1). Is b(i) prime?
True
Let l(a) = 1055*a**2 + 2*a + 2. Is l(-1) prime?
False
Let y(s) = -2*s - 2. Let u be y(2). Is (-2)/(u/225) + 2 composite?
True
Let s = -2402 - -3655. Is s a composite number?
True
Let j(c) = 3 + 6*c**2 + c + 2 - 5 - 4. Is j(3) prime?
True
Let p(z) = -146*z - 5. Is p(-2) a prime number?
False
Let k be ((-1 - -1) + -1)*-2. Suppose k*v = 4*n - 218, n - v - 31 = 21. Is n a prime number?
False
Let t be 4/10 - 16/40. Suppose t = 4*y + y - 2785. Is y a composite number?
False
Suppose -2*y - 4 = -3*y. Let j(s) = 47*s - 3. Is j(y) prime?
False
Suppose 0 = k - 8*k + 3479. Is k composite?
True
Let x(r) = -3*r**2 - 35*r - 1. Let p(a) = a**2 + 12*a. Let z(w) = -11*p(w) - 4*x(w). Let s(l) = l - 1. Let j be s(-8). Is z(j) a composite number?
False
Let i = 167 - 76. Is i a prime number?
False
Let z = 45 + -67. Is (-3)/(-2)*z/(-3) a composite number?
False
Suppose 152 = 5*u + 2*t, 4*u - 148 = 5*t - 0*t. Suppose 0 = -4*a + 41 + 135. Suppose -